{"id":333,"date":"2025-06-16T23:43:26","date_gmt":"2025-06-17T04:43:26","guid":{"rendered":"https:\/\/floristerialasnenas.com\/?post_type=product&#038;p=333"},"modified":"2025-06-18T11:15:07","modified_gmt":"2025-06-18T16:15:07","slug":"ancheta-personalizada","status":"publish","type":"product","link":"https:\/\/floristerialasnenas.com\/index.php\/producto\/ancheta-personalizada\/","title":{"rendered":"Ancheta personalizada"},"content":{"rendered":"<p>Dale un giro divertido y \u00fanico al cumplea\u00f1os de esa persona especial con esta ancheta que lo tiene todo: dulces premium, peluche tierno, una cerveza bien fr\u00eda y un globo que dice \u00a1Feliz cumplea\u00f1os! Ideal para adultos que disfrutan de un buen detalle.<br \/>\nIncluye:<\/p>\n<p>Globo de \u201cFeliz Cumplea\u00f1os\u201d<br \/>\nPeluche con coraz\u00f3n y mensaje<br \/>\nCerveza Corona Extra (botella)<br \/>\nChocolates y snacks<br \/>\nBase decorativa estilo kraft con mensaje<br \/>\nRelleno decorativo con papel de seda<\/p>\n","protected":false},"excerpt":{"rendered":"<p>Ancheta con cerveza, peluche y snacks. \u00a1Un cumple original y delicioso!<\/p>\n","protected":false},"featured_media":322,"comment_status":"open","ping_status":"closed","template":"","meta":{"inline_featured_image":false},"product_brand":[],"product_cat":[20],"product_tag":[],"class_list":{"0":"post-333","1":"product","2":"type-product","3":"status-publish","4":"has-post-thumbnail","6":"product_cat-anchetas","8":"first","9":"instock","10":"sale","11":"purchasable","12":"product-type-simple"},"jetpack_sharing_enabled":true,"_links":{"self":[{"href":"https:\/\/floristerialasnenas.com\/index.php\/wp-json\/wp\/v2\/product\/333","targetHints":{"allow":["GET"]}}],"collection":[{"href":"https:\/\/floristerialasnenas.com\/index.php\/wp-json\/wp\/v2\/product"}],"about":[{"href":"https:\/\/floristerialasnenas.com\/index.php\/wp-json\/wp\/v2\/types\/product"}],"replies":[{"embeddable":true,"href":"https:\/\/floristerialasnenas.com\/index.php\/wp-json\/wp\/v2\/comments?post=333"}],"wp:featuredmedia":[{"embeddable":true,"href":"https:\/\/floristerialasnenas.com\/index.php\/wp-json\/wp\/v2\/media\/322"}],"wp:attachment":[{"href":"https:\/\/floristerialasnenas.com\/index.php\/wp-json\/wp\/v2\/media?parent=333"}],"wp:term":[{"taxonomy":"product_brand","embeddable":true,"href":"https:\/\/floristerialasnenas.com\/index.php\/wp-json\/wp\/v2\/product_brand?post=333"},{"taxonomy":"product_cat","embeddable":true,"href":"https:\/\/floristerialasnenas.com\/index.php\/wp-json\/wp\/v2\/product_cat?post=333"},{"taxonomy":"product_tag","embeddable":true,"href":"https:\/\/floristerialasnenas.com\/index.php\/wp-json\/wp\/v2\/product_tag?post=333"}],"curies":[{"name":"wp","href":"https:\/\/api.w.org\/{rel}","templated":true}]}}